 + 11/2*f**2 + 0*f**4 + 1/3*f**3 + f + 1/15*f**5 + 1/120*f**6. Let r(p) be the first derivative of b(p). What is r(-2)?
10
Let c(p) = 43*p - p**2 - 38 - 13*p + 2*p - 5*p - 32. Determine c(24).
2
Let g(h) = 0*h + 4 + 5*h + 0*h**3 - 7*h**2 + h**3. Let s be g(6). Let v(w) = -48*w + 7*w**2 - 2*w**3 + 12*w + 0*w**3 + 19*w + 19*w - 4*w**2 - 1. Calculate v(s).
23
Let d(t) = -11*t + 68. Let x be 76/11 - (1 + 60/(-55)). What is d(x)?
-9
Suppose 176*w - 141*w = -175. Let b(z) = 7*z**2 + 10*z - 1. Let k(a) = -13*a**2 + 3 - 19*a + 0*a - 1. Let o(g) = 11*b(g) + 6*k(g). Calculate o(w).
-4
Let y(i) = 5 - 2*i - 3 + 9*i. Let g(t) = t**3 + 5*t**2 - 8*t - 16. Let m be g(-6). Determine y(m).
-26
Let b(u) = u**2 + 2*u - 5. Let j = -235 + 243. Let t be (-30)/j - 81/(-108). What is b(t)?
-2
Let c(v) = -v**2 + 9*v + 24. Suppose -3*d + 129 = 3*m + 108, 4*d = -m + 49. Give c(d).
-46
Let j(i) be the first derivative of -32*i**3/3 + i + 27551. Suppose 3*h + 1 = 4. Give j(h).
-31
Let d = 2341 - 2350. Let m(r) = -3 - 10*r**2 - 7*r + 8*r**3 - 4*r - 9*r**3. Calculate m(d).
15
Let v(r) be the first derivative of 81*r**2/2 + 419*r - 5269. What is v(-5)?
14
Let n be ((-21)/(-9))/(7/6). Let y(d) = 17*d - 18*d + 0*d**n + 1 + d**2. Give y(0).
1
Let v(g) = g**2 + 11*g + 30. Let m be -5*(35 + -31 - (-54)/(-5)). Suppose 49 = -m*x - 121. Determine v(x).
0
Suppose -1323 - 572 = 5*b. Let n = -389 - b. Let p(g) = -g**2 - 11*g - 13. Calculate p(n).
-3
Let f(b) = -500*b**2 + 246*b**2 - 2 - 9 + 253*b**2. Give f(-7).
-60
Let s = -3 + 0. Let p(j) be the third derivative of j**6/120 + j**5/15 + j**4/24 + 9*j**2. Calculate p(s).
6
Let s(z) = -z**3 + 3*z**2 - z + 1. Let w be s(2). Let n(f) = -f - f - w*f + 4*f + 1. Let a(p) = -p**2 - 22*p + 84. Let r be a(-25). Give n(r).
-8
Suppose s + 0*s - k - 15 = 0, -s = -5*k - 19. Let i(l) = 18*l + 2 - 10484*l**3 - 15*l**2 - 2*l - 6 - 10431*l**3 + 20916*l**3. Give i(s).
24
Let a(v) = 5*v**3 - 22*v**2 + 19*v + 9. Let c be a(3). Let x(f) = -10*f**2 - 6*f + 6. Determine x(c).
-102
Let d(g) = 27*g**2 + 3*g - 108. Let p(q) = 43*q**2 + 4*q - 162. Let u(m) = 8*d(m) - 5*p(m). Calculate u(-10).
6
Let p(z) = z**3 + 8*z**2 + 10*z - 7. Let q be p(-2). Let i(g) = -4*g - 5. Calculate i(q).
7
Let c = -12015 + 12002. Let m(l) = -3*l - 51. What is m(c)?
-12
Let v(z) be the third derivative of -z**6/120 + z**5/10 - z**4/12 - z**3/3 - 4*z**2. Let j(f) = 15*f - 17. Let p be j(3). Let d = -22 + p. Determine v(d).
-14
Let l(m) = m**2 + 3*m - 2. Let i be (2184/260)/((-2)/(-5)). Suppose -17*k + 10*k = i. Determine l(k).
-2
Let i(y) be the second derivative of y**3/3 - y**2/2 + 107*y. Let l(r) = 15*r - 4. Let f(a) = 6*i(a) - l(a). What is f(-2)?
4
Let j(o) = -o**2 - 5*o + 10. Suppose 16891 = -21*r + 2*r. Let s = r - -883. Determine j(s).
4
Let r(d) = d**2 - 3*d. Let v be ((-4)/10)/2 - (-11)/5. Let k be (-4 + v)*(-2 + -6 + 10). Calculate r(k).
28
Let q(i) be the third derivative of -9*i**4/4 - 215*i**3/6 - 2329*i**2 - i - 2. Calculate q(-4).
1
Suppose -2*n = n. Let m be 3 - n - (3 + -3). Let v(o) = 3*o**2. Let g(k) = -7*k**2 + k - 1. Let p(r) = -4*g(r) - 9*v(r). Determine p(m).
1
Let h(m) = -m**3 + 27*m**2 - 3*m - 8. Let x(q) = -2*q**3 + 61*q**2 - 6*q - 17. Let y(i) = -9*h(i) + 4*x(i). Determine y(-2).
-6
Let d = -178 - -112. Let g = d + 68. Let t(q) be the first derivative of -q**3/3 - q**2 + 2*q - 1. Give t(g).
-6
Let f(t) = -29*t - 10*t**2 - 7 - t**3 - 46*t - 51*t + 102*t. What is f(-6)?
-7
Let g(t) = -t**3 + 17*t**2 - 25*t - 65. Let v be g(15). Let n(k) = -k - 2. Calculate n(v).
-12
Let b(d) = 3*d**2 - 21*d + 9. Let n(f) = -f**2 - 2. Let v(w) = b(w) + 4*n(w). What is v(-20)?
21
Let y(k) = 8*k + 12. Let w(m) = 24*m + 31. Let x = -163 - -160. Let l(j) = x*w(j) + 8*y(j). Give l(2).
-13
Let k be ((-67)/134)/(2/(-320)). Let c(s) = -7*s**2 + k*s + 2 - 2*s**2 - 83*s. What is c(2)?
-40
Let y(q) = q**3 - 10*q**2 - 11*q + 3. Let g(b) = 16*b - 53. Let k be g(4). Let m be 316*k/308 + 2/(-7). Give y(m).
3
Let p(m) be the third derivative of m**6/720 - 3*m**5/40 + 11*m**4/12 + m**3/3 + 4*m**2 - 1. Let q(n) be the second derivative of p(n). What is q(-4)?
-13
Suppose 5*v + 4*w = 2*v + 383, 3*v = w + 358. Suppose 6*g + 97 = v. Let i(d) = -7*d. Give i(g).
-28
Let l(i) = 7*i + 6. Suppose 1745*m - 876*m = 876*m + 14. Calculate l(m).
-8
Let m(d) = d**2 + 3*d - 61. Let c(k) = -5*k**3 + 12*k**2 - k - 17. Let u be c(2). Calculate m(u).
27
Let d(a) be the first derivative of -a**2 + a + 5/4*a**4 - 96 + 2/3*a**3. Calculate d(1).
6
Let z(t) be the second derivative of -t**3/3 + 59*t**2/2 - 24*t + 29. Give z(0).
59
Let q(y) = y**2 - 13*y + 5. Suppose -204 = -14*k - 20*k. Let h be ((-26)/(-3))/(4/k). Calculate q(h).
5
Let r(q) = q**3 + q**2 + 5. Let m(l) = l**3 + 2*l**2 - l + 6. Let f = -53 - -49. Let y(c) = f*m(c) + 5*r(c). Give y(3).
13
Let c(q) be the second derivative of q**5/20 - 5*q**4/3 + 8*q**3/3 + 61*q**2/2 + 742*q. What is c(19)?
4
Let y(m) = m**2 - 5*m - 8. Let a = 610 - 84. Let b = a + -520. Give y(b).
-2
Let b(l) be the third derivative of -l**4/24 - 37*l**3/6 - 26*l**2 - 3*l. What is b(-11)?
-26
Let m(w) = w**2 - 15*w - 2 + 29 + 14 - 7. Determine m(12).
-2
Suppose -4*s = 5*r - 3, -5*s + 4*r + 9 = -5. Let d(u) = -u**3 - 131*u + u**s + 136*u + 2*u**2 - 6. Suppose -3*o + i + 15 = -0*i, 4*o - 4*i - 28 = 0. Give d(o).
-2
Let m be ((-10)/30)/(2/(-24)). Suppose 6*b - 3*b + 4*h = 24, -2*b = m*h - 16. Let y(g) = -8*g + 4*g + g - 8 + 4*g. Determine y(b).
0
Let q be -3*2*(4 - 5). Let n(f) = f**2 + 1. Let b(o) = 3*o + 5. Let w be b(-2). Let m(y) = y**3 - 12*y**2 - 9. Let d(g) = w*m(g) - 6*n(g). Calculate d(q).
3
Let r(c) = -4*c - 125. Let l(a) = 8*a + 280. Let m(g) = 4*l(g) + 9*r(g). Determine m(4).
-21
Let s be 0 - (1 + (-32)/4). Let h(i) = -i**3 + 8*i**2 - 14*i + 2. Determine h(s).
-47
Let q(w) = -5*w**2 + 2*w. Suppose 12*o + 14 - 38 = 0. Calculate q(o).
-16
Let g(a) = -2*a. Let n be ((-98)/(-8) + 2)/(6/(-24)). Let z = n - -56. What is g(z)?
2
Let w(n) = 830*n + 830*n - 3 - 2490*n + 832*n - 44*n**2. Calculate w(1).
-45
Let r = -458 + 201. Let v = -265 - r. Let k(x) be the second derivative of -x**4/12 - 11*x**3/6 - 6*x**2 - 2*x. Calculate k(v).
12
Let u(i) = i**2 - 10*i + 12. Let k be -30 + 29 + (14 - 4) + -1. What is u(k)?
-4
Let u(j) = -4*j + 5 + 0*j**2 - 3*j + 2*j**2. Let i(o) = o**2 - 161*o + 1929. Let c be i(148). Determine u(c).
20
Let c(p) = 26 - 5 + 10 - 2 + 7*p + 3. Let j(z) = -4*z - 19. Let m(i) = -3*c(i) - 5*j(i). Let l = 0 - 0. Determine m(l).
-1
Suppose -11*a - 24 = -14*a. Let r(h) = -8*h + 65. Let c be r(a). Let b be (-2)/10 + 48/(-10) + c. Let q(n) = 3*n. Calculate q(b).
-12
Suppose 76 - 3408 = -153*i - 85*i. Let y(j) = -j**3 + 13*j**2 + 14*j + 9. Determine y(i).
9
Let o(a) = 2*a**3 - 13*a**2 + 12*a + 13. Let y(w) = w**3 - 12*w**2 + 12*w + 10. Let c(u) = -2*o(u) + 3*y(u). Determine c(-11).
-7
Let c = -38544 + 38537. Let l(d) be the second derivative of d**5/20 + 2*d**4/3 + d**3 + d**2 + d. Give l(c).
9
Let h(w) = 25*w + 71. Suppose -5*s = 416 - 401. Let d be h(s). Let m(k) = -k**3 - 5*k**2 - 4*k - 9. What is m(d)?
-9
Let y be 4/(-16) + (-72)/64*-2. Let x(f) be the first derivative of 4 + 7*f + 1/3*f**3 + 4*f**y. What is x(-5)?
-8
Let m(d) = 1 + 1353*d - 2706*d - 3 - 3 + 1351*d. Let y(c) = -c**3 - 3*c**2 + 6*c + 3. Let v be y(-4). Determine m(v).
5
Let z(u) = -u**2 - 36*u - 167. Let y(i) = -2*i**2 - 33*i - 163. Let x be y(-10). Determine z(x).
-68
Let c(o) = -o. Suppose 0*b - 5*d - 6 = -3*b, 2*d - 3 = 3*b. Let f be (-18)/(-2) - b*6/(-18). What is c(f)?
-8
Suppose 2*m + 8*q - 29 = -q, 0 = -5*m + 5*q - 65. Let w(k) = 2*k + 41. Give w(m).
25
Suppose -21 - 45 = -11*b. Suppose 2*r - 2*p = r - 4, p - 16 = -3*r. Let d(c) = c - r*c - 1 + 4*c - 2*c. Give d(b).
-7
Suppose 2*r = 2*d - 26, -d - 5*r = 839 - 822. Let o(k) be the first derivative of -1 + 11*k - 1/2*k**2. Give o(d).
3
Let c(o) be the first derivative of o**3/3 - 9*o**2/2 + 7*o + 249. Calculate c(4).
-13
Suppose 78*k - 161*k = -68*k. Let l(t) = -t**3 + 5*t - 16. What is l(k)?
-16
Let q(f) = -f**3 + 5*f**2 + 2*f - 4. Let x(w) = -w**3 - 17*w**2 + 20*w + 40. Let l be x(-18). Determine q(l).
20
Let p(s) = 3*s**2 + 21*s - 18. Suppose -w + 7*l + 31 + 3 = 0, -2*w + l - 10 = 0. Give p(w).
6
Let m(c) = 4 - 3 - 2 + 5*c + c**2. Suppose -b - 2*